{"id":62,"date":"2026-03-18T18:57:41","date_gmt":"2026-03-18T23:57:41","guid":{"rendered":"https:\/\/dxnlosolivos.com\/?post_type=product&#038;p=62"},"modified":"2026-03-18T18:59:30","modified_gmt":"2026-03-18T23:59:30","slug":"vita-cafe","status":"publish","type":"product","link":"https:\/\/dxnlosolivos.com\/?product=vita-cafe","title":{"rendered":"Vita Caf\u00e9"},"content":{"rendered":"<h5>CAF\u00c9 + GANODERMA + GINSENG + EURYCOMA LONGIFOLIA JACK + TONCKAT ALI + CREMA NO LACTEA<\/h5>\n<p>Este cremoso y potente caf\u00e9 gourmet esta enriquecido con poderosos ingredientes, nuestro ganoderma lucidum puro y la apreciada raiz de ginseng, que en la antiguedad se consideraba tan valiosa que solo estaba disponible para la elite m\u00e1s privilegiada. Estas hierbas a\u00f1aden prestifio a su experiencia cafetera cada d\u00eda.<\/p>\n","protected":false},"excerpt":{"rendered":"<p>Este cremoso y potente caf\u00e9 gourmet esta enriquecido con poderosos ingredientes, nuestro ganoderma lucidum puro y la apreciada raiz de ginseng, que en la antiguedad se consideraba tan valiosa que solo estaba disponible para la elite m\u00e1s privilegiada. Estas hierbas a\u00f1aden prestifio a su experiencia cafetera cada d\u00eda.<\/p>\n","protected":false},"featured_media":63,"comment_status":"open","ping_status":"closed","template":"","meta":{"_joinchat":[]},"product_brand":[],"product_cat":[19],"product_tag":[],"class_list":{"0":"post-62","1":"product","2":"type-product","3":"status-publish","4":"has-post-thumbnail","6":"product_cat-alimentos-y-bebidas","8":"first","9":"instock","10":"shipping-taxable","11":"product-type-simple"},"_links":{"self":[{"href":"https:\/\/dxnlosolivos.com\/index.php?rest_route=\/wp\/v2\/product\/62","targetHints":{"allow":["GET"]}}],"collection":[{"href":"https:\/\/dxnlosolivos.com\/index.php?rest_route=\/wp\/v2\/product"}],"about":[{"href":"https:\/\/dxnlosolivos.com\/index.php?rest_route=\/wp\/v2\/types\/product"}],"replies":[{"embeddable":true,"href":"https:\/\/dxnlosolivos.com\/index.php?rest_route=%2Fwp%2Fv2%2Fcomments&post=62"}],"wp:featuredmedia":[{"embeddable":true,"href":"https:\/\/dxnlosolivos.com\/index.php?rest_route=\/wp\/v2\/media\/63"}],"wp:attachment":[{"href":"https:\/\/dxnlosolivos.com\/index.php?rest_route=%2Fwp%2Fv2%2Fmedia&parent=62"}],"wp:term":[{"taxonomy":"product_brand","embeddable":true,"href":"https:\/\/dxnlosolivos.com\/index.php?rest_route=%2Fwp%2Fv2%2Fproduct_brand&post=62"},{"taxonomy":"product_cat","embeddable":true,"href":"https:\/\/dxnlosolivos.com\/index.php?rest_route=%2Fwp%2Fv2%2Fproduct_cat&post=62"},{"taxonomy":"product_tag","embeddable":true,"href":"https:\/\/dxnlosolivos.com\/index.php?rest_route=%2Fwp%2Fv2%2Fproduct_tag&post=62"}],"curies":[{"name":"wp","href":"https:\/\/api.w.org\/{rel}","templated":true}]}}